{"id":2013,"date":"2023-01-28T20:25:39","date_gmt":"2023-01-28T20:25:39","guid":{"rendered":"https:\/\/omokamuebles.com\/?post_type=product&#038;p=2013"},"modified":"2026-03-25T10:36:33","modified_gmt":"2026-03-25T10:36:33","slug":"silla-ejecutiva-additional","status":"publish","type":"product","link":"https:\/\/omokamuebles.com\/index.php\/producto\/silla-ejecutiva-additional\/","title":{"rendered":"Silla ejecutiva Additional"},"content":{"rendered":"<ul>\n<li>Dise\u00f1o personalizado c\u00f3modo y con estilo que brinda esta silla ejecutiva con respaldo alto.<\/li>\n<li>Bordes del asiento en forma de cascada, brazos dram\u00e1ticos creados para brindar un look ideal para oficinas privadas.<\/li>\n<li>Respaldo dise\u00f1ado con contrastante dise\u00f1o de las puntadas, ideal para ejecutivos<\/li>\n<li>Vinil durable resistente a ara\u00f1azos.<\/li>\n<li>Brazos fijos que agregan confort.<\/li>\n<li>Cuenta con mecanismo de reclinable que permite rotar el asiento, brindando comodidad al reclinarse.<\/li>\n<li>Asiento con altura neum\u00e1tica para ajustarse a diferentes alturas.<\/li>\n<li>Palanca de tensi\u00f3n<\/li>\n<li>Mecanismo de seguro para asegurar la silla<\/li>\n<li>Rotaci\u00f3n en 360 grados.<\/li>\n<li>Excelente para cualquier organizaci\u00f3n que busca alto desarrollo con presupuesto limitado.<\/li>\n<li>Ideal para ejecutivos o salas de conferencia<\/li>\n<\/ul>\n","protected":false},"excerpt":{"rendered":"<p>Dise\u00f1o personalizado c\u00f3modo y con estilo que brinda esta silla ejecutiva con respaldo alto. Bordes del asiento en forma de cascada, brazos dram\u00e1ticos creados para brindar un look ideal para oficinas privadas. Respaldo dise\u00f1ado con contrastante dise\u00f1o de las puntadas, ideal para ejecutivos Vinil durable resistente a ara\u00f1azos. Brazos fijos que agregan confort. Cuenta con &hellip;<\/p>\n<p class=\"read-more\"> <a class=\"\" href=\"https:\/\/omokamuebles.com\/index.php\/producto\/silla-ejecutiva-additional\/\"> <span class=\"screen-reader-text\">Silla ejecutiva Additional<\/span> Leer m\u00e1s &raquo;<\/a><\/p>\n","protected":false},"featured_media":2014,"comment_status":"open","ping_status":"closed","template":"","meta":{"site-sidebar-layout":"default","site-content-layout":"default","ast-global-header-display":"","ast-main-header-display":"","ast-hfb-above-header-display":"","ast-hfb-below-header-display":"","ast-hfb-mobile-header-display":"","site-post-title":"","ast-breadcrumbs-content":"","ast-featured-img":"","footer-sml-layout":"","theme-transparent-header-meta":"default","adv-header-id-meta":"","stick-header-meta":"","header-above-stick-meta":"","header-main-stick-meta":"","header-below-stick-meta":"","_themeisle_gutenberg_block_has_review":false,"_joinchat":[]},"product_brand":[],"product_cat":[27],"product_tag":[31,30,34,33],"class_list":{"0":"post-2013","1":"product","2":"type-product","3":"status-publish","4":"has-post-thumbnail","6":"product_cat-silleria","7":"product_tag-silla-de-oficina","8":"product_tag-silla-economica","9":"product_tag-silla-ejecutiva","10":"product_tag-silla-ergonomica","11":"desktop-align-left","12":"tablet-align-left","13":"mobile-align-left","15":"first","16":"instock","17":"featured","18":"shipping-taxable","19":"product-type-simple"},"_links":{"self":[{"href":"https:\/\/omokamuebles.com\/index.php\/wp-json\/wp\/v2\/product\/2013","targetHints":{"allow":["GET"]}}],"collection":[{"href":"https:\/\/omokamuebles.com\/index.php\/wp-json\/wp\/v2\/product"}],"about":[{"href":"https:\/\/omokamuebles.com\/index.php\/wp-json\/wp\/v2\/types\/product"}],"replies":[{"embeddable":true,"href":"https:\/\/omokamuebles.com\/index.php\/wp-json\/wp\/v2\/comments?post=2013"}],"wp:featuredmedia":[{"embeddable":true,"href":"https:\/\/omokamuebles.com\/index.php\/wp-json\/wp\/v2\/media\/2014"}],"wp:attachment":[{"href":"https:\/\/omokamuebles.com\/index.php\/wp-json\/wp\/v2\/media?parent=2013"}],"wp:term":[{"taxonomy":"product_brand","embeddable":true,"href":"https:\/\/omokamuebles.com\/index.php\/wp-json\/wp\/v2\/product_brand?post=2013"},{"taxonomy":"product_cat","embeddable":true,"href":"https:\/\/omokamuebles.com\/index.php\/wp-json\/wp\/v2\/product_cat?post=2013"},{"taxonomy":"product_tag","embeddable":true,"href":"https:\/\/omokamuebles.com\/index.php\/wp-json\/wp\/v2\/product_tag?post=2013"}],"curies":[{"name":"wp","href":"https:\/\/api.w.org\/{rel}","templated":true}]}}