{"id":2038,"date":"2023-01-29T08:27:23","date_gmt":"2023-01-29T08:27:23","guid":{"rendered":"https:\/\/omokamuebles.com\/?post_type=product&#038;p=2038"},"modified":"2025-06-29T23:54:11","modified_gmt":"2025-06-29T23:54:11","slug":"modulo-cruzeta-kenza","status":"publish","type":"product","link":"https:\/\/omokamuebles.com\/index.php\/producto\/modulo-cruzeta-kenza\/","title":{"rendered":"Modulo Cruzeta Kenza"},"content":{"rendered":"<ul>\n<li>Linea de formas simples y rectas que se adapta al entorno creando \u00e1res c\u00e1lidas de trabajo que contribuyen a la optimizaci\u00f3n de espacios.<\/li>\n<li>Perfecta combinaci\u00f3n de acabados met\u00e1licos y laminados est\u00e9ticos que transmiten un ambiente de modernidad, limpieza y dinamismo a los espacios de trabajo.<\/li>\n<\/ul>\n<p>Elementos que incluye:<\/p>\n<ul>\n<li>4 pedestales 3 gavetas<\/li>\n<li>4 cubiertas diagonales y soportes en \u201cL\u201d<\/li>\n<li>4 respaldos para m\u00f3dulo Angular<\/li>\n<li>4 cubiertas laterales<\/li>\n<\/ul>\n<p>La linea Kenza se puede fabricar en los siguientes colores, (favor de solicitar mas informaci\u00f3n con su ejecutivo. Colores disponibles para la linea Kenza<\/p>\n<div class=\"c-virtual_list__item\" tabindex=\"-1\" role=\"listitem\" aria-expanded=\"false\">\n<div class=\"c-message c-message--light c-message--adjacent\" role=\"document\" data-qa=\"message_container\" data-qa-placeholder=\"false\">\n<ul>\n<li class=\"c-message__content c-message__content--feature_sonic_inputs\" data-qa=\"message_content\"><span class=\"c-message__body\" dir=\"auto\" data-qa=\"message-text\">Cuerpo, negro, platino y oxford<\/span><\/li>\n<li data-qa=\"message_content\">Cubiertas: negro, cherry, pera, silver, blanco, maple, wenge, anigre, tweed, spanish oak,\u00a0 bay sand,\u00a0 storm gray.<\/li>\n<\/ul>\n<\/div>\n<\/div>\n<div class=\"c-virtual_list__item\" tabindex=\"-1\" role=\"listitem\" aria-expanded=\"false\">\n<p>Dimensiones generales.<\/p>\n<ul>\n<li>Alto: 105 cm<\/li>\n<li>Ancho: 304 cm<\/li>\n<li>Profundidad: 304 cm<\/li>\n<\/ul>\n<\/div>\n","protected":false},"excerpt":{"rendered":"<p>Linea de formas simples y rectas que se adapta al entorno creando \u00e1res c\u00e1lidas de trabajo que contribuyen a la optimizaci\u00f3n de espacios. Perfecta combinaci\u00f3n de acabados met\u00e1licos y laminados est\u00e9ticos que transmiten un ambiente de modernidad, limpieza y dinamismo a los espacios de trabajo. Elementos que incluye: 4 pedestales 3 gavetas 4 cubiertas diagonales &hellip;<\/p>\n<p class=\"read-more\"> <a class=\"\" href=\"https:\/\/omokamuebles.com\/index.php\/producto\/modulo-cruzeta-kenza\/\"> <span class=\"screen-reader-text\">Modulo Cruzeta Kenza<\/span> Leer m\u00e1s &raquo;<\/a><\/p>\n","protected":false},"featured_media":2039,"comment_status":"open","ping_status":"closed","template":"","meta":{"site-sidebar-layout":"default","site-content-layout":"default","ast-global-header-display":"","ast-main-header-display":"","ast-hfb-above-header-display":"","ast-hfb-below-header-display":"","ast-hfb-mobile-header-display":"","site-post-title":"","ast-breadcrumbs-content":"","ast-featured-img":"","footer-sml-layout":"","theme-transparent-header-meta":"default","adv-header-id-meta":"","stick-header-meta":"","header-above-stick-meta":"","header-main-stick-meta":"","header-below-stick-meta":"","_themeisle_gutenberg_block_has_review":false,"_joinchat":[]},"product_brand":[],"product_cat":[28],"product_tag":[43,46,41],"class_list":{"0":"post-2038","1":"product","2":"type-product","3":"status-publish","4":"has-post-thumbnail","6":"product_cat-muebles","7":"product_tag-modulo","8":"product_tag-modulo-de-trabajo","9":"product_tag-muebles-de-oficina","10":"desktop-align-left","11":"tablet-align-left","12":"mobile-align-left","14":"first","15":"instock","16":"featured","17":"shipping-taxable","18":"product-type-simple"},"_links":{"self":[{"href":"https:\/\/omokamuebles.com\/index.php\/wp-json\/wp\/v2\/product\/2038","targetHints":{"allow":["GET"]}}],"collection":[{"href":"https:\/\/omokamuebles.com\/index.php\/wp-json\/wp\/v2\/product"}],"about":[{"href":"https:\/\/omokamuebles.com\/index.php\/wp-json\/wp\/v2\/types\/product"}],"replies":[{"embeddable":true,"href":"https:\/\/omokamuebles.com\/index.php\/wp-json\/wp\/v2\/comments?post=2038"}],"wp:featuredmedia":[{"embeddable":true,"href":"https:\/\/omokamuebles.com\/index.php\/wp-json\/wp\/v2\/media\/2039"}],"wp:attachment":[{"href":"https:\/\/omokamuebles.com\/index.php\/wp-json\/wp\/v2\/media?parent=2038"}],"wp:term":[{"taxonomy":"product_brand","embeddable":true,"href":"https:\/\/omokamuebles.com\/index.php\/wp-json\/wp\/v2\/product_brand?post=2038"},{"taxonomy":"product_cat","embeddable":true,"href":"https:\/\/omokamuebles.com\/index.php\/wp-json\/wp\/v2\/product_cat?post=2038"},{"taxonomy":"product_tag","embeddable":true,"href":"https:\/\/omokamuebles.com\/index.php\/wp-json\/wp\/v2\/product_tag?post=2038"}],"curies":[{"name":"wp","href":"https:\/\/api.w.org\/{rel}","templated":true}]}}