{"id":2181,"date":"2023-02-01T04:41:39","date_gmt":"2023-02-01T04:41:39","guid":{"rendered":"https:\/\/omokamuebles.com\/?post_type=product&#038;p=2181"},"modified":"2026-02-15T13:15:23","modified_gmt":"2026-02-15T13:15:23","slug":"entrepano-charola-para-estante","status":"publish","type":"product","link":"https:\/\/omokamuebles.com\/index.php\/producto\/entrepano-charola-para-estante\/","title":{"rendered":"Entrepa\u00f1o \/ charola para estante"},"content":{"rendered":"<p>Entrepa\u00f1o fabricado en l\u00e1mina rolada en fr\u00edo calibre 22\u2033<\/p>\n<p><strong>Dimensiones generales:<\/strong><\/p>\n<ul>\n<li>Largo 85 cm<\/li>\n<li>Ancho 30 cm<\/li>\n<\/ul>\n<p>Entrepa\u00f1o fabricado en l\u00e1mina rolada en fr\u00edo calibre 22\u2033.<\/p>\n<p><strong>Dimensiones generales:\u00a0<\/strong><\/p>\n<ul>\n<li>Largo 85 cm<\/li>\n<li>Ancho 45 cm<\/li>\n<\/ul>\n<p>Entrepa\u00f1o fabricado en l\u00e1mina rolada en fr\u00edo calibre 22\u2033.<\/p>\n<p><strong>Dimensiones generales:<\/strong><\/p>\n<ul>\n<li>Largo 85 cm<\/li>\n<li>Ancho 60 cm<\/li>\n<\/ul>\n","protected":false},"excerpt":{"rendered":"<p>Entrepa\u00f1o fabricado en l\u00e1mina rolada en fr\u00edo calibre 22\u2033 Dimensiones generales: Largo 85 cm Ancho 30 cm Entrepa\u00f1o fabricado en l\u00e1mina rolada en fr\u00edo calibre 22\u2033. Dimensiones generales:\u00a0 Largo 85 cm Ancho 45 cm Entrepa\u00f1o fabricado en l\u00e1mina rolada en fr\u00edo calibre 22\u2033. Dimensiones generales: Largo 85 cm Ancho 60 cm<\/p>\n","protected":false},"featured_media":2182,"comment_status":"open","ping_status":"closed","template":"","meta":{"site-sidebar-layout":"default","site-content-layout":"default","ast-global-header-display":"","ast-main-header-display":"","ast-hfb-above-header-display":"","ast-hfb-below-header-display":"","ast-hfb-mobile-header-display":"","site-post-title":"","ast-breadcrumbs-content":"","ast-featured-img":"","footer-sml-layout":"","theme-transparent-header-meta":"default","adv-header-id-meta":"","stick-header-meta":"","header-above-stick-meta":"","header-main-stick-meta":"","header-below-stick-meta":"","_themeisle_gutenberg_block_has_review":false,"_joinchat":[]},"product_brand":[],"product_cat":[39],"product_tag":[67,69,79,80,66,70,68],"class_list":{"0":"post-2181","1":"product","2":"type-product","3":"status-publish","4":"has-post-thumbnail","6":"product_cat-almacenamiento","7":"product_tag-almacenamiento","8":"product_tag-anaquel","9":"product_tag-charola","10":"product_tag-entrepano","11":"product_tag-estante","12":"product_tag-estanteria","13":"product_tag-metalicos","14":"desktop-align-left","15":"tablet-align-left","16":"mobile-align-left","18":"first","19":"instock","20":"shipping-taxable","21":"product-type-simple"},"_links":{"self":[{"href":"https:\/\/omokamuebles.com\/index.php\/wp-json\/wp\/v2\/product\/2181","targetHints":{"allow":["GET"]}}],"collection":[{"href":"https:\/\/omokamuebles.com\/index.php\/wp-json\/wp\/v2\/product"}],"about":[{"href":"https:\/\/omokamuebles.com\/index.php\/wp-json\/wp\/v2\/types\/product"}],"replies":[{"embeddable":true,"href":"https:\/\/omokamuebles.com\/index.php\/wp-json\/wp\/v2\/comments?post=2181"}],"wp:featuredmedia":[{"embeddable":true,"href":"https:\/\/omokamuebles.com\/index.php\/wp-json\/wp\/v2\/media\/2182"}],"wp:attachment":[{"href":"https:\/\/omokamuebles.com\/index.php\/wp-json\/wp\/v2\/media?parent=2181"}],"wp:term":[{"taxonomy":"product_brand","embeddable":true,"href":"https:\/\/omokamuebles.com\/index.php\/wp-json\/wp\/v2\/product_brand?post=2181"},{"taxonomy":"product_cat","embeddable":true,"href":"https:\/\/omokamuebles.com\/index.php\/wp-json\/wp\/v2\/product_cat?post=2181"},{"taxonomy":"product_tag","embeddable":true,"href":"https:\/\/omokamuebles.com\/index.php\/wp-json\/wp\/v2\/product_tag?post=2181"}],"curies":[{"name":"wp","href":"https:\/\/api.w.org\/{rel}","templated":true}]}}