{"id":2699,"date":"2023-04-27T05:11:52","date_gmt":"2023-04-27T05:11:52","guid":{"rendered":"https:\/\/omokamuebles.com\/?post_type=product&#038;p=2699"},"modified":"2023-04-27T05:11:52","modified_gmt":"2023-04-27T05:11:52","slug":"archivero-movil-con-2-cajones-papeleros-y-1-gaveta-con-jaladera-extendida-y-rodajas-ocultas","status":"publish","type":"product","link":"https:\/\/omokamuebles.com\/index.php\/producto\/archivero-movil-con-2-cajones-papeleros-y-1-gaveta-con-jaladera-extendida-y-rodajas-ocultas\/","title":{"rendered":"Archivero movil con 2 cajones papeleros y 1 gaveta, con jaladera extendida y rodajas ocultas"},"content":{"rendered":"<ul>\n<li>Dise\u00f1ados y construidos para uso constante, dise\u00f1ados para cubrir sus necesidades de archivo.<\/li>\n<li>Extensi\u00f3n telesc\u00f3pica en todos sus cajones.<\/li>\n<li>Suspensi\u00f3n embalinada de alta precisi\u00f3n.<\/li>\n<li>Contrapesos para mayor seguridad.<\/li>\n<li>Los cajones pueden acomodar archivos tama\u00f1o carta.<\/li>\n<li>Cerradura de centro removible.<\/li>\n<li>Rondanas ocultas para su f\u00e1cil desplazamiento.<\/li>\n<li>Certificaciones, cumple o excede los est\u00e1ndares ANSI\/BIFMA de durabilidad y seguridad.<\/li>\n<li>El pedestal sin coj\u00edn cuenta con certificados de baja emisi\u00f3n qu\u00edmica al medio ambiente: UL.COM\/GG, UL2818.<\/li>\n<\/ul>\n<p><strong>Dimensiones Generales:<\/strong><\/p>\n<ul>\n<li style=\"list-style-type: none;\">\n<ul>\n<li>Ancho: 38 cm<\/li>\n<li>Profundidad: 58 cm<\/li>\n<li>Altura: 70.5 cm<\/li>\n<\/ul>\n<\/li>\n<\/ul>\n","protected":false},"excerpt":{"rendered":"<p>Dise\u00f1ados y construidos para uso constante, dise\u00f1ados para cubrir sus necesidades de archivo. Extensi\u00f3n telesc\u00f3pica en todos sus cajones. Suspensi\u00f3n embalinada de alta precisi\u00f3n. Contrapesos para mayor seguridad. Los cajones pueden acomodar archivos tama\u00f1o carta. Cerradura de centro removible. Rondanas ocultas para su f\u00e1cil desplazamiento. Certificaciones, cumple o excede los est\u00e1ndares ANSI\/BIFMA de durabilidad y &hellip;<\/p>\n<p class=\"read-more\"> <a class=\"\" href=\"https:\/\/omokamuebles.com\/index.php\/producto\/archivero-movil-con-2-cajones-papeleros-y-1-gaveta-con-jaladera-extendida-y-rodajas-ocultas\/\"> <span class=\"screen-reader-text\">Archivero movil con 2 cajones papeleros y 1 gaveta, con jaladera extendida y rodajas ocultas<\/span> Leer m\u00e1s &raquo;<\/a><\/p>\n","protected":false},"featured_media":2700,"comment_status":"open","ping_status":"closed","template":"","meta":{"site-sidebar-layout":"default","site-content-layout":"default","ast-global-header-display":"","ast-main-header-display":"","ast-hfb-above-header-display":"","ast-hfb-below-header-display":"","ast-hfb-mobile-header-display":"","site-post-title":"","ast-breadcrumbs-content":"","ast-featured-img":"","footer-sml-layout":"","theme-transparent-header-meta":"default","adv-header-id-meta":"","stick-header-meta":"","header-above-stick-meta":"","header-main-stick-meta":"","header-below-stick-meta":"","_themeisle_gutenberg_block_has_review":false,"_joinchat":[]},"product_brand":[],"product_cat":[39],"product_tag":[67,75,74],"class_list":{"0":"post-2699","1":"product","2":"type-product","3":"status-publish","4":"has-post-thumbnail","6":"product_cat-almacenamiento","7":"product_tag-almacenamiento","8":"product_tag-archivero","9":"product_tag-archivero-metalico","10":"desktop-align-left","11":"tablet-align-left","12":"mobile-align-left","14":"first","15":"instock","16":"shipping-taxable","17":"product-type-simple"},"_links":{"self":[{"href":"https:\/\/omokamuebles.com\/index.php\/wp-json\/wp\/v2\/product\/2699","targetHints":{"allow":["GET"]}}],"collection":[{"href":"https:\/\/omokamuebles.com\/index.php\/wp-json\/wp\/v2\/product"}],"about":[{"href":"https:\/\/omokamuebles.com\/index.php\/wp-json\/wp\/v2\/types\/product"}],"replies":[{"embeddable":true,"href":"https:\/\/omokamuebles.com\/index.php\/wp-json\/wp\/v2\/comments?post=2699"}],"wp:featuredmedia":[{"embeddable":true,"href":"https:\/\/omokamuebles.com\/index.php\/wp-json\/wp\/v2\/media\/2700"}],"wp:attachment":[{"href":"https:\/\/omokamuebles.com\/index.php\/wp-json\/wp\/v2\/media?parent=2699"}],"wp:term":[{"taxonomy":"product_brand","embeddable":true,"href":"https:\/\/omokamuebles.com\/index.php\/wp-json\/wp\/v2\/product_brand?post=2699"},{"taxonomy":"product_cat","embeddable":true,"href":"https:\/\/omokamuebles.com\/index.php\/wp-json\/wp\/v2\/product_cat?post=2699"},{"taxonomy":"product_tag","embeddable":true,"href":"https:\/\/omokamuebles.com\/index.php\/wp-json\/wp\/v2\/product_tag?post=2699"}],"curies":[{"name":"wp","href":"https:\/\/api.w.org\/{rel}","templated":true}]}}